is divided by m?
29
Suppose 5*q = -c + 30 + 25, -2*q + 274 = 4*c. Let o = 48 - c. What is the remainder when 42 is divided by 0 - (o - 0/2)?
20
Let g(c) = c**2 - 7*c - 9. Let x be g(-9). Suppose -5*n + x = 5*f, n + 2*f - 3 - 25 = 0. Suppose -6 = 4*y - 42. Calculate the remainder when n is divided by y.
8
Let b = 76 + -13. What is the remainder when b is divided by 32?
31
Suppose -x = -2*x + 5. Suppose x*m - m = -60. Calculate the remainder when 54 is divided by (3 + 2)*(-42)/m.
12
Let j = 10 + -14. Let q be j/(-1) - (-1 - -1). Suppose -r - q*v + 12 = -5*v, 3*v + 14 = r. Calculate the remainder when r is divided by 4.
3
Let d = 131 - 25. What is the remainder when d is divided by 27?
25
Suppose 5*u - 5*o - 1045 = 0, -u - 4*o = 3*u - 860. Suppose u - 42 = 5*a. What is the remainder when 66 is divided by a?
32
What is the remainder when 2/(-12) + (-76)/(-24) is divided by 1 + 3 + (1 - 3)?
1
Let x(h) = h**3 - 10*h**2 + 2*h - 11. Let b be x(10). Suppose -b*t + 32 = -5*t. Calculate the remainder when 30 is divided by t.
6
What is the remainder when (-8)/(-2) + -1 - -37 is divided by 21?
19
Let g(j) = -j + 23. What is the remainder when 153*1*7/21 is divided by g(10)?
12
Let n = 27 - 16. Let w be (-6)/15 + 514/10. Let q = w + -31. Calculate the remainder when q is divided by n.
9
Let n(m) = -m**2 - 8*m - 1. Let y(c) = c - 12. Let i be y(8). Calculate the remainder when 44 is divided by n(i).
14
Let w(j) = -j**3 + 9*j**2 - 7*j - 2. Let y be w(8). Let i = 20 + y. Let k = 26 + -12. Calculate the remainder when i is divided by k.
12
Suppose 2*n + 3*n - 80 = 0. Calculate the remainder when 62 is divided by n.
14
Let b = 56 - -34. What is the remainder when b is divided by 23?
21
Suppose -2*r - 4*k + 156 = 0, -5*r - 4*k = -2*r - 224. Calculate the remainder when r is divided by 23 - -4 - (12 - 8).
22
Let i(r) = r**2 - 6*r + 2. Let z be i(5). Let v be 69/z + 1 + -1. What is the remainder when 0/(-2) - 2*v is divided by 16?
14
Let i = 5 - 2. Suppose 96 = -l - i*l. Let v = 36 + l. What is the remainder when 35 is divided by v?
11
Let h(m) = m**2 + m + 10. Let l be h(0). What is the remainder when (-4*l)/(-1) + -2 is divided by 10?
8
Let f be 20*(2 + 4/(-4)). Suppose -c - c + 8 = 0. Suppose -c*d + 0*d + f = 0. What is the remainder when d is divided by 3?
2
Suppose 0 = -4*n - 0*n. Let l = 4 + n. Let q(w) = -10*w**3 - w. Calculate the remainder when q(-1) is divided by l.
3
Let r be ((-4)/(-10))/((-2)/(-30)). Suppose -48 = -r*i - 6. Calculate the remainder when 25 is divided by i.
4
Let r(v) = v**3 - 2*v**2 - 2*v + 2. Let x be r(3). Let f be x/2 - 2/4. Suppose -f*k + 20 = -0*k. What is the remainder when 18 is divided by k?
8
Suppose 5*u = 3*t + 9, -t + 5 = 3*u - 6. Calculate the remainder when t is divided by 2.
0
Suppose 2*f - 27 = f. What is the remainder when f is divided by 3/5 + 416/65?
6
Calculate the remainder when 1 - 4/6*-6 is divided by 4.
1
Suppose -3*i + i = 2*c + 2, 1 = -c. Suppose 227 = 4*f + g, -5*g + 33 = f - i*f. Suppose -r - r = -f. What is the remainder when r is divided by 15?
14
Calculate the remainder when (-58)/(-10)*(14 - 9) is divided by 8.
5
Let g(a) = a**3 - 7*a**2 + 7*a + 5. Calculate the remainder when g(7) is divided by 19.
16
Calculate the remainder when (3 + 1)/(36/1242) is divided by 14.
12
Let q = 16 + -8. Suppose -1 = n + f, 5*n - 3 = -3*f - 0. Suppose n*c + 0 = 66. What is the remainder when c is divided by q?
6
Suppose -4*l + 48 = 20. Calculate the remainder when 23 is divided by l.
2
Let b = -29 - -37. What is the remainder when 30 is divided by b?
6
Suppose -2*b + 27 = 3*m + 1, 4*b = -m + 22. Let l = 1 - -1. Calculate the remainder when m is divided by l.
0
Calculate the remainder when 243/12*2 + 1/(-2) is divided by 21.
19
Let n(w) = -4*w - 17. Suppose 3*x + 17 + 22 = 0. Let p = 25 + x. Calculate the remainder when n(-10) is divided by p.
11
Let x(l) = -l**2 - 2*l - 2. Let w be x(-2). Let p be (w/8)/(1/(-4)). Let s = 6 + p. Calculate the remainder when 20 is divided by s.
6
Suppose -265 = -5*n + 5*z, 4*n - 102 = -5*z + 146. Let l = -40 + n. What is the remainder when l is divided by 9?
8
Let y(c) be the third derivative of -c**6/120 + c**4/12 - c**3/6 + 3*c**2. What is the remainder when y(-4) is divided by 19?
17
Let u(s) = -s**3 - 16*s**2 + 14*s - 4. Calculate the remainder when u(-17) is divided by 24.
23
Suppose y + 50 = 2*d, 2*d - 6*y = -7*y + 46. What is the remainder when 44 is divided by d?
20
Let r = -6 - -20. Let i = 80 - -26. Let p = -53 + i. Calculate the remainder when p is divided by r.
11
Suppose -4*p - 40 = -t - 3*t, 0 = -3*t + p + 34. Suppose 165 = 5*a - 4*g, 0*a - 4*a + 5*g = -132. Calculate the remainder when a is divided by t.
9
Suppose v - 33 = 25. Suppose -4*t + 2*f + v = 0, 5*t - 27 = -2*f + 59. What is the remainder when t is divided by 9?
7
Let i = -29 - -44. What is the remainder when 43 is divided by i?
13
Suppose j - 3*a = -0*j + 24, -4*a + 85 = 3*j. Let o = -14 + j. What is the remainder when o is divided by 3?
1
Suppose -5 = 2*d - 1. Let f = 9 + d. Calculate the remainder when ((-1)/(-2))/((-1)/(-36)) is divided by f.
4
Suppose -4*l + 12 = -c + 5*c, 5*c - 9 = -2*l. Calculate the remainder when 20 is divided by c/2 - (-104)/16.
6
Let i = 13 + -2. Calculate the remainder when i is divided by 2.
1
Calculate the remainder when ((-90)/(-35))/((27/210)/3) is divided by 22.
16
Let m(d) = -d**2 - 3*d + 2. Suppose -12 = 5*b - 2. What is the remainder when 10 is divided by m(b)?
2
Let d = -77 - -83. Suppose x + 0 - 2 = 0. What is the remainder when d is divided by x?
0
Suppose 99 = 5*c - 3*g - 412, 3*g = -c + 113. Suppose 6*u + c = 524. Calculate the remainder when u is divided by 24.
22
Suppose -2*u = 0, 2*u + 12 = 2*x + 4. Suppose 3*t - 47 = -m, t - x*m = -0*m + 33. Calculate the remainder when 66 is divided by t.
15
Suppose k + 3*k + 3*o - 21 = 0, -k - o + 6 = 0. Suppose -2*l = y - 6*y + 75, 0 = 2*y - k*l - 41. What is the remainder when 50 is divided by y?
11
Let s = -94 - -164. Suppose 2*a + 234 = 15*a. What is the remainder when s is divided by a?
16
Suppose -4*n - 27 = -3*u - n, -39 = -3*u - 3*n. Calculate the remainder when 21 is divided by u.
10
Let x(d) = -3*d + 1. Let r = 76 + -51. What is the remainder when r is divided by x(-4)?
12
Calculate the remainder when (-6)/2 - -3*22 is divided by 13.
11
Let v(c) = -c**3 - 8*c**2 - 2*c + 11. Calculate the remainder when v(-9) is divided by 28.
26
Suppose 7*l = 4*l + 213. What is the remainder when l is divided by 25?
21
Suppose -9*b - 7*b = -256. Calculate the remainder when 56 is divided by b.
8
Let n = 16 - 11. Suppose 0*t = -t + n. Calculate the remainder when 19 is divided by t.
4
Let g(s) = s**3 + 8*s**2 + 9*s + 3. Let z = -15 - -9. Calculate the remainder when g(z) is divided by 8.
5
Suppose -50 = 2*o + 70. What is the remainder when 33 is divided by ((-3)/2)/(5/o)?
15
Let m = 16 - -34. Calculate the remainder when 247 is divided by m.
47
Suppose 3*d = -a + d + 77, -5*a + 359 = -3*d. What is the remainder when a is divided by 38?
35
Let f(j) = j**3 + 5*j**2 - 5*j + 3. Let c be f(-4). Suppose c + 25 = 2*h. Let a(d) = -17*d**3. Calculate the remainder when h is divided by a(-1).
15
Let b = -13 - -38. Suppose -2*l + 29 = 3. What is the remainder when b is divided by l?
12
Suppose 8*r - 11 = 21. What is the remainder when 16 is divided by r?
0
Let k(w) = -2*w + 8. Let t(x) = -5*x + 17. Let m(s) = 7*k(s) - 3*t(s). What is the remainder when (-1 + 3)/(10/85) is divided by m(4)?
8
Let p = -9 + 16. Let h(u) = -u**3 + 7*u**2 + 7*u - 10. Calculate the remainder when h(p) is divided by 14.
11
Let i = -7 + 37. Suppose 3*j = -i + 75. Suppose -6*c + j = -5*c. What is the remainder when c is divided by 8?
7
Suppose 6*g - g - 65 = 0. Suppose -5*p + g = -17. What is the remainder when p is divided by 2?
0
Let u(l) = -13*l + 3. Suppose -5*g = -4*g + 2. Suppose -m - 40 = -5*m. What is the remainder when u(g) is divided by m?
9
Let v = -7 - -10. Let x be 0*v/6*1. Suppose -2*t = -x*t - 54. Calculate the remainder when t is divided by 7.
6
Suppose k = -3*u + 91, 0*k = -3*u - 4*k + 103. Calculate the remainder when 112 is divided by u.
25
Calculate the remainder when 53 is divided by 10 + -1 + -1 + 3.
9
Let o = 19 + -29. Let v = o + 19. What is the remainder 